(-56) + 183/(-36))?
2, 3, 13, 733
Suppose 3*s - 4*n - 14 = -2, -4*s = n + 3. Suppose -14 = -m + 5*d, s*m - 2*d + 4 = 2*m. What are the prime factors of ((-19)/m)/(3/(-12))?
19
Suppose 1582 = 5*i + 3*g, -4*i - g = -6*g - 1273. Suppose 3*m = 2*x + 2570, 5*m - 4*x + i - 4599 = 0. List the prime factors of m.
2, 3, 11, 13
Suppose 30*r = 36*r. Suppose -2*x + x + 20 = 0. Suppose 4*g - x = r, -2*g = -3*b + 8*b - 35. List the prime factors of b.
5
Let n = 85 - 85. Let c be 6 - (-5 + 1 + n). List the prime factors of 1470/c*(-1)/(2/(-2)).
3, 7
List the prime factors of 4/34 + -59*(-10020)/102.
2, 3, 7, 23
Let v(h) = h**3 - 63*h**2 + 9*h - 370. List the prime factors of v(63).
197
Suppose q = 13*q - 2088. Suppose 0 = 4*n - 346 - q. Suppose b - n = -5*z + 24, 2*b - 3*z - 269 = 0. What are the prime factors of b?
139
Suppose -4*t = -4*f + 12, 2*t - 3*f = 3*t - 9. Suppose -2*z + 79 + 195 = t. List the prime factors of z.
137
Let l(x) = -12*x + 31. Let j(v) = 10*v - 31. Let n(y) = -5*j(y) - 4*l(y). What are the prime factors of n(-9)?
7
Let x(b) be the second derivative of -2*b**3/3 + 170*b**2 + 7*b - 1. What are the prime factors of x(22)?
2, 3, 7
Let d = -140 + 145. Let u be (-1)/(-3)*3*(d + 68). Let w = 108 + u. What are the prime factors of w?
181
Let m(n) = 22751*n - 260. List the prime factors of m(1).
3, 7, 17
List the prime factors of -6*10*454/(-3)*279/155.
2, 3, 227
Let c(h) be the first derivative of -3*h**2/2 + 28*h + 346. Let g(o) = -12*o**3 + o**2 - o. Let d be g(1). What are the prime factors of c(d)?
2
Let s be (-3)/(-5 - 92802/(-18564)). Suppose -7*w = -14*w + s. What are the prime factors of w?
2, 13, 17
Suppose -3*a = -2*z - 125, 4*a = -3*z + 7*a - 180. Let f = z - -60. Suppose -2*u - 98 = -l, f*l - l + 2*u - 422 = 0. What are the prime factors of l?
2, 13
Let r(b) = b**2 + 9*b + 18. Suppose 0 = -t + 2*h + 2, 4*h - 7*h + 22 = t. What are the prime factors of r(t)?
2, 13
Let z = -11699 + 20886. What are the prime factors of z?
9187
Suppose 0 = 9*p - p - 8016. Let n = p + -540. List the prime factors of n.
2, 3, 7, 11
Suppose 5*p = -4*y + 142, -5*p + 34 = 2*y - 42. Suppose -y*r + 34*r - 104 = 0. What are the prime factors of r?
2, 13
Let r = -31 - -36. Suppose -6*a + 50 = r*m - a, -4*m - 2*a + 42 = 0. Suppose m*u + 80 = 12*u. What are the prime factors of u?
2, 5
Let n(l) = 951*l**3 - 21*l**2 + 71*l - 61. List the prime factors of n(3).
2, 5, 641
Suppose 0 = l + 4*y - 9354, 3*l - 3*y = 1392 + 26745. What are the prime factors of l?
2, 43, 109
Let v(h) = h**3 - 10*h**2 - 20*h + 6. Let i be v(12). Let d = -46 + i. What are the prime factors of (d/24)/((-1)/(-279))?
3, 31
Suppose 0 = 2*l + 5*c - 30, 4*l + 3*c - 72 = -c. Suppose 0 = -l*p + 13*p + 2723. What are the prime factors of p?
389
Let m(q) = 4*q**2 - 23*q - 8. Let x be m(-9). List the prime factors of -4*(-2 + 1) + x.
17, 31
Let h be (3*1)/(31/(-15) + 2). Let x = 22 + -31. Let d = x - h. List the prime factors of d.
2, 3
Let r = 162 - 867. Let j = -446 - r. List the prime factors of j.
7, 37
Let h(b) = -4*b**3 - 3*b**2 + 2*b + 2. Let i be h(2). Let u be i/10 + (-2)/10. What are the prime factors of 133 + -2*(-2)/u?
2, 3, 11
What are the prime factors of (-18 - -13 - -10279) + 13?
3, 127
Let r be (4 - 43)*8/(-3). Let a = r + -103. What are the prime factors of (-23 + a)*(-27)/6?
3, 11
Suppose -l + 2*s = 2*l - 86, -s = 4. Suppose -11 + l = 5*c. Suppose -5*m + 2*n + 2*n + 95 = 0, -c*m - 3*n = -84. List the prime factors of m.
23
Let p be (-24)/70*(-7)/(-2)*-5. Let u be (-3)/(p/(-644)) + (18 - 14). What are the prime factors of u/4 + (-6)/12?
3
Let a = -6148 - -19464. What are the prime factors of a?
2, 3329
Suppose 0 = -28*s + 6*s + 44. Suppose c - 632 = 3*o, 0*o - 3184 = -5*c + 3*o. Suppose 0 = 5*j + s*k - c, -2*k - 351 = -2*j - 107. List the prime factors of j.
2, 3, 7
What are the prime factors of ((-134994)/(-30) + (9 - 0))*5?
2, 1409
Suppose -6*o + 169280 = 5*m, 371*m + 3*o - 135415 = 367*m. What are the prime factors of m?
2, 5, 677
Suppose 94761 = -69*o + 180407 + 131152. List the prime factors of o.
2, 1571
Let n be ((-104)/28 + 4)*7. Suppose -n*l = -7*l + 395. Let p = -39 + l. What are the prime factors of p?
2, 5
Let k be 1/2 + 141/94. Suppose -k*c - p = -1540, 3*c = -p + 491 + 1819. What are the prime factors of c?
2, 5, 7, 11
Let a(d) = -d - 19 + 4*d - 4*d - 8*d. Let i be a(-2). What are the prime factors of (-44 + i + 0)/((-168)/560)?
2, 3, 5
Suppose -5*l - 12 = -q - 32, 4*l - 16 = 3*q. Suppose q = -2*s + 12*s - 60. List the prime factors of s.
2, 3
Let z(y) = -20*y**3 - 3*y**2 - 25*y - 91. List the prime factors of z(-7).
7, 971
Let v be 1 - 1 - -3*1. Suppose 0 = v*a - 5*a + 4. What are the prime factors of ((-28)/(-2))/(a/12)?
2, 3, 7
Let r = -1045 - -465. Let k be 0/2 + -6 + 7 + -397. Let a = k - r. What are the prime factors of a?
2, 23
Let p(a) = -a**3 + 9*a**2 - 13*a - 10. Let h be p(6). Suppose -h*y - 1880 = -25*y. What are the prime factors of y?
2, 47
Let s be (-1)/(1 + 1235/(-1230)). Suppose -5*m + 1774 + s = 0. List the prime factors of m.
2, 101
Suppose -3*n + 279 + 518 = 5*p, -2*p - 2*n + 322 = 0. Suppose -4*l + 4867 = -p. Suppose l + 392 = 8*d. List the prime factors of d.
2, 103
Let x = 29261 + -11114. What are the prime factors of x?
3, 23, 263
Let r(m) = 498*m + 605. What are the prime factors of r(2)?
1601
Let u be 3/(-1) - 22*(0 + -1). Suppose -4*r - 4*j = -4456, -3*j - 5530 = 14*r - u*r. List the prime factors of r.
1109
Let a be (27/(-45))/(106/(-20) - -5). What are the prime factors of (a - -3) + (-3 - (-1526 - 7))?
5, 307
Let x = 1961 - 651. Let v = x + -898. List the prime factors of v.
2, 103
Let q(u) = 417*u**2 + 129*u + 375. What are the prime factors of q(-3)?
3, 29, 43
Let q(c) = c**2 + 5*c + 8. Let r be q(-6). Suppose -71 + 287 = 36*i. Suppose -i*n - 2 = -r. What are the prime factors of n?
2
Suppose 5*n - 3025 + 29560 = 5*s, 2*n - 10 = 0. List the prime factors of s.
2, 83
Suppose 6*a + a - 15813 = 0. Suppose 3*h = -3*f + 1692, 4*h - a = -0*h - 5*f. Suppose 0 = 3*w + 4*s - 337 - 224, h = 3*w - 5*s. List the prime factors of w.
11, 17
Let k = 39 + -30. Suppose 0 - k = -3*v. Suppose -5*i + 4*z = -372, 0 + v = -z. What are the prime factors of i?
2, 3
Let l = 18903 + -10704. List the prime factors of l.
3, 911
Let f(w) = -6*w + 1048*w**3 + w**2 - 32 + 26*w**2 + 1052*w**3 - 2099*w**3. Suppose -3*q - 87 + 6 = 0. List the prime factors of f(q).
2, 5, 13
Suppose 69 = 3*v - 2*n, -4*n - 150 = -4*v - 54. Suppose -34*w + v*w = -4043. List the prime factors of w.
311
Let t(s) = -22*s - 20. Let a be t(-6). Let u = 116 - a. Suppose j + u*k - 171 = -56, j = 3*k + 94. List the prime factors of j.
103
Let c(i) = 163*i - 89. Let m be c(25). Suppose -2*r = -3*v + m, 0 = -3*v - r - 0*r + 3974. List the prime factors of v.
2, 3, 13, 17
Let h = -410 - -874. Let y = -72 + h. List the prime factors of y.
2, 7
Suppose 29*b = -16*b + 306401 + 407524. List the prime factors of b.
5, 19, 167
Let n(r) = 596*r - 669. List the prime factors of n(4).
5, 7
Suppose 16 = -2*m + 6*m. Let w(n) = n**2 + 7*n - 13. Let s be w(-9). Suppose 9*u - m*u - q = 66, 0 = -4*u + s*q + 36. What are the prime factors of u?
2, 7
Suppose 36000 = 3*w - 5*u, 15*w - 16*w + 11996 = -u. List the prime factors of w.
2, 5, 11, 109
Let k(y) = y**3 + 5*y**2 - 11*y + 9. Let z be k(4). Let j = z + -103. Suppose 0 = -j*h + 27 + 93. List the prime factors of h.
2, 5
Let q(k) = k**3 + 6*k**2 - 17*k + 1. Let b be q(-8). Suppose -2*h - 3*a = 15, 9 = -h - h + 3*a. List the prime factors of h/27 - (-632)/b.
2, 5, 7
Let r be ((57/(-2))/3)/((-8)/64). Let y be r/(-12) - 2/(-6). Let t(g) = -g**3 - 7*g**2 - 13*g + 6. What are the prime factors of t(y)?
2, 3
List the prime factors of (-10432025)/(-175) - 10/(-7).
3, 31, 641
Let b(i) = -100*i**3 - 9*i**2 - 5*i - 29. List the prime factors of b(-4).
6247
Suppose 14 = b - 2*z, -3 = -2*b - z - 0. Suppose -i + r + 3 = i, b*r = -5*i - 12. Suppose 6*l - 816 = -i*l. List the prime factors of l.
2, 17
Let d = -219 - -794. Let r = d + -399. What are the prime factors of r?
2, 11
Let m(p) = 616*p**2 - 94*p - 198. List the prime factors of m(-2).
2, 3, 409
Suppose 4*o + 2*q + 278 = 0, q + 1 = 2*q. Let a be 2/(-4) - 1*41/(-2). Let h = a - o. List the prime factors of h.
2, 3, 5
Le